
-89
Let p(l) = 312*l**2 - 24339*l + 172. Give p(78).
-62
Let n(p) = 317*p**3 - 5391*p**2 + 34*p + 4. What is n(17)?
4
Let a(u) = u**3 - 3*u**2 + 18*u + 108. Give a(-11).
-1784
Let b(n) = n**3 - 31*n**2 - 2*n - 505. Determine b(31).
-567
Let h(d) = -27*d**2 - 4193*d - 1209. Give h(-155).
31
Let a(z) = -7*z**2 + 297*z + 542. What is a(36)?
2162
Let w(z) = 11*z**2 - 205*z - 118718. Give w(-95).
32
Let k(n) = 13934*n + 55732. Calculate k(-4).
-4
Let z(l) = 55*l**2 - 1849*l - 23990. Give z(-10).
0
Let j(x) = 1701*x - 843701. Give j(496).
-5
Let u(z) = -10*z**3 - 221*z**2 + 2002*z + 22. Give u(-29).
-7
Let z(n) = -6*n**2 + 9314*n + 65484. Determine z(-7).
-8
Let l(f) = 2811*f - 5624. Calculate l(2).
-2
Let d(z) = 5*z**2 + 72*z - 1569. Determine d(21).
2148
Let d(l) = 7*l**3 + 286*l**2 - 51*l - 507. Calculate d(-41).
-97
Let l(u) = -u**2 - 1119*u - 252886. Give l(-805).
-116
Let x(b) = b**3 + 162*b**2 - 366*b - 4442. Give x(-164).
1790
Let v(s) = 3*s**3 + 138*s**2 - 16*s - 909. Calculate v(-46).
-173
Let o(r) = r**2 + 9202*r + 36792. Determine o(-4).
0
Let g(m) = 59383*m - 237456. What is g(4)?
76
Let y(n) = -525*n + 12780. Calculate y(25).
-345
Let r(t) = t**2 + 4425*t - 169802. What is r(38)?
-208
Let n(o) = -338*o - 47151. Determine n(-139).
-169
Let r(l) = 6028*l**2 + 506351*l - 30. Give r(-84).
54
Let b(s) = s**2 - 17*s - 1286. What is b(-17)?
-708
Let w(o) = o**3 + 22*o**2 + 75*o + 1790. What is w(-22)?
140
Let v(d) = -d**3 + 94*d**2 + 301*d - 901. Calculate v(97).
69
Let h(d) = 104*d**2 + 7081*d + 606. What is h(-68)?
-6
Let y(w) = -5*w**3 - 42*w**2 + 10*w + 194. Determine y(-8).
-14
Let a(f) = 6*f**3 - 1590*f**2 - 3*f + 862. Determine a(265).
67
Let g(x) = -108*x**2 - 3168*x + 326. What is g(-29)?
1370
Let j(w) = -481*w**2 + 11545*w - 14. Give j(24).
10
Let y(d) = d**2 + 2182*d + 1094392. Calculate y(-781).
211
Let p(b) = 1529994*b + 30599885. Determine p(-20).
5
Let w(g) = -2*g**2 - 69*g + 2462. Give w(29).
-1221
Let c(q) = q**3 - 37*q**2 + 103*q - 1159. Determine c(35).
-4
Let k(y) = 12*y**3 - 10*y**2 - 3*y - 10. Determine k(5).
1225
Let r(x) = x**3 + 86*x**2 - 424*x - 29148. Determine r(-87).
171
Let g(q) = q**3 + 27*q**2 - 158*q - 85. Calculate g(7).
475
Let j(f) = -28*f**2 + 257*f + 1511. What is j(-6)?
-1039
Let g(c) = 9*c**2 + 569*c - 228344. Give g(-194).
-6
Let m(s) = s**3 + 885*s**2 + 4540*s + 123107. Determine m(-880).
-93
Let q(u) = 3*u**3 - 56*u**2 + 56*u + 71. Calculate q(13).
-2074
Let s(b) = -b**3 + 179*b**2 + 496*b - 88857. What is s(179)?
-73
Let b(i) = -126897*i + 2030388. What is b(16)?
36
Let j(s) = s**3 - 470*s**2 - 5795*s + 5294. Calculate j(482).
-8
Let g(z) = -z**3 + 14*z**2 + 5*z - 117. Give g(3).
-3
Let y(j) = -34*j**2 - 8678*j + 26063. Determine y(3).
-277
Let k(v) = 2*v**2 - 282*v - 4816. Calculate k(-17).
556
Let n(t) = 196*t + 6651. Determine n(-34).
-13
Let v(u) = -u**3 + u**2 - 25*u - 631. What is v(-15)?
3344
Let o(s) = s**3 - 59*s**2 - 539*s + 236. Give o(67).
35
Let l(i) = -2746*i + 176127. Give l(64).
383
Let a(s) = 2*s**3 + 27*s**2 - 1795*s - 24942. Determine a(-14).
-8
Let i(y) = -49996*y + 349972. What is i(7)?
0
Let q(d) = 2*d**3 - 86*d**2 + 24*d + 2635. Give q(42).
115
Let a(v) = 1647*v - 443141. Calculate a(269).
-98
Let t(z) = -3479*z - 163521. Calculate t(-47).
-8
Let p(h) = -6*h**2 + 2319*h + 109386. What is p(429)?
-9
Let o(z) = -101*z + 2768. Determine o(35).
-767
Let n(z) = 6595*z - 171470. Determine n(26).
0
Let n(y) = 5963*y - 11890. Determine n(2).
36
Let t(l) = -l**2 + 32356*l - 258763. Calculate t(8).
21
Let r(x) = -x**2 - 14414*x - 374069. Calculate r(-26).
19
Let m(c) = -4*c**3 + 93*c**2 - 224*c + 2509. What is m(22)?
1
Let q(t) = -126544*t + 379473. Determine q(3).
-159
Let s(t) = -1933559*t + 150817600. Determine s(78).
-2
Let k(z) = -4456*z - 19202. Give k(-4).
-1378
Let q(r) = -r**3 + 921*r**2 + 2751*r + 19521. Calculate q(924).
117
Let r(b) = -b**2 - 1362*b + 6829. Determine r(5).
-6
Let h(t) = -34*t**2 - 783*t - 2654. Determine h(-19).
-51
Let l(i) = 36*i**3 + 540*i**2 - 77*i - 1154. Determine l(-15).
1
Let k(u) = -1164*u + 142014. Determine k(122).
6
Let r(g) = -11*g**2 - 30270*g - 30271. Give r(-1).
-12
Let g(i) = -17088*i - 751887. What is g(-44)?
-15
Let k(c) = 2*c**2 - 118*c + 1453. Determine k(35).
-227
Let g(m) = -450*m + 1782. Determine g(5).
-468
Let s(h) = 2*h**2 - 1051*h - 2901258. What is s(-970)?
12
Let w(d) = -1610*d + 342926. What is w(213)?
-4
Let u(b) = 640*b**2 - 15*b - 121. Calculate u(0).
-121
Let o(j) = -j**2 - 744*j - 97585. What is o(-170)?
-5
Let t(l) = -2*l**3 - 3*l**2 + 172*l + 694. Determine t(-6).
-14
Let b(k) = k**2 - 1264*k + 41818. What is b(1230)?
-2
Let j(h) = 3*h**3 + 233*h**2 - 556*h + 356. Calculate j(-80).
36
Let i(s) = 5374*s - 241827. Give i(45).
3
Let f(i) = -27*i**2 - 1130*i + 3683. Calculate f(-45).
-142
Let q(t) = 18253*t + 1770553. What is q(-97)?
12
Let w(k) = 31*k**2 + 338*k - 3154. Calculate w(6).
-10
Let p(l) = -l**2 + 232*l - 5947. Give p(201).
284
Let u(x) = -1122*x + 1363. What is u(1)?
241
Let w(f) = -14*f**2 - 352*f - 62. Determine w(-26).
-374
Let x(s) = -37*s**2 - 66*s + 154. Give x(3).
-377
Let y(l) = 19621*l + 255128. Determine y(-13).
55
Let l(d) = -592*d + 24490. Give l(42).
-374
Let p(d) = -126*d**2 + 3651*d + 118. What is p(29)?
31
Let x(v) = 1560*v**3 + 67080*v**2 + 13*v + 549. What is x(-43)?
-10
Let j(w) = -2*w**3 + 171*w**2 - 427*w + 1029. Calculate j(83).
33
Let v(h) = h**2 + 825*h - 17832. Determine v(21).
-66
Let o(p) = -2665*p + 122483. Give o(46).
-107
Let l(f) = 468928*f + 16881399. What is l(-36)?
-9
Let p(r) = 3206*r - 16060. Give p(5).
-30
Let a(s) = 2*s**2 + 4*s - 247. Give a(15).
263
Let x(z) = 2*z**3 - 13*z**2 + 3041*z - 18203. What is x(6)?
7
Let w(z) = -z**3 - 15*z**2 + 685*z - 29881. Determine w(-45).
44
Let p(i) = -i**2 - 1834*i - 97824. Calculate p(-55).
21
Let c(h) = 372*h - 59538. What is c(160)?
-18
Let j(v) = -v**2 + 10854*v + 54303. Determine j(-5).
8
Let o(n) = -37693*n - 19298792. What is o(-512)?
24
Let c(g) = -310*g**2 - 49*g + 11. What is c(-2)?
-1131
Let j(k) = -k**3 + 9*k**2 + 246*k + 94. Determine j(21).
-32
Let s(p) = -12*p**2 - 64*p - 40. What is s(-10)?
-600
Let u(p) = -3*p**2 + 43259*p - 129784. Give u(3).
-34
Let y(k) = 13882*k - 2328. Give y(0).
-2328
Let p(v) = -2*v**3 + 5*v**2 - 359. Calculate p(0).
-359
Let y(j) = -624*j - 23017. Determine y(-37).
71
Let i(n) = 272*n**2 - 50669*n + 14303. What is i(186)?
-19
Let p(q) = 12*q**2 - 277*q - 106. What is p(22)?
-392
Let x(u) = 5*u**3 - 484*u**2 - 2120*u - 47. What is x(101)?
54
Let q(c) = -61*c**3 + 5925*c**2 - 770*c - 576. Give q(97).
6
Let y(w) = -w**2 + 74*w + 1459. What is y(-18)?
-197
Let n(a) = 649*a + 17514. Give n(-27).
-9
Let m(z) = 6982*z - 733109. Give m(105).
1
Let y(m) = 2*m**3 + 26*m**2 - 45*m + 34. Calculate y(-12).
862
Let y(g) = 9*g**3 - 5*g**2 + 2009*g + 11. Calculate y(0).
11
Let w(s) = -4*s**2 - 21194*s - 21194. Calculate w(-1).
-4
Let x(p) = 7*p**2 + 1641*p + 41737. Give x(-29).
35
Let a(b) = 4*b**3 - 7*b**2 - 173*b + 8. Give a(0).
8
Let v(g) = -15*g**2 - 115*g - 568. Calculate v(-6).
-418
Let r(a) = 7807*a - 101642. Give r(13).
-151
Let p(a) = -262*a - 9944. Calculate p(-38).
12
Let v(a) = 607*a**2 + 4256*a + 55. Determine v(-7).
6
Let f(t) = 3695*t + 2826671. Give f(-765).
-4
Let z(f) = -f**2 + 64*f + 803. What is z(-11)?
-22
Let q(w) = -w**2 - 221*w + 8154. Determine q(39).
-1986
Let f(u) = -2*u**2 + 282*u - 2601. Determine f(131).
19
Let a(s) = -2*s**3 + 30*s**2 - 1530*s + 15739. Calculate a(11).
-123
Let d(a) = 18*a**2 - 332*a + 828. Calculate d(18).
684
Let g(t) = -t**2 - 26567*t + 318851. Give g(12).
-97
Let v(g) = 4*g**2 - 433*g + 7112. What is v(88)?
-16
Let j(d) = 4*d**2 - 45*d - 723. Determine j(-10).
127
Let d(v) = 179706*v - 7727354. Calculate d(43).
4
Let z(w) = -1392*w + 29273. Determine z(21).
41
Let a(j) = -j**3 - 5*j**2 + 8297*j + 41480. Calculate a(-5).
-5
Let p(k) = 9*k**3 - 11*k**2 + k - 29. Give p(3).
118
Let j(k) = 630*k + 33035. What is j(-56)?
-2245
Let k(c) = 48*c + 515. Determine k(-6).
227
Let n(q) = -445*q**2 + 2606*q + 146. Determine n(5).
2051
Let l(f) = 15*f**2 - 72*f + 174. Give l(3).
93
Let u(m) = -2*m**3 + 77*m**2 + 305*m + 314. Calculate u(42).
776
Let k(p) = 257*p**3 + 12